{"id":587,"date":"2022-06-07T23:37:13","date_gmt":"2022-06-08T02:37:13","guid":{"rendered":"https:\/\/www.panelsur.cl\/w\/?post_type=product&#038;p=587"},"modified":"2023-12-27T16:37:50","modified_gmt":"2023-12-27T19:37:50","slug":"kit-casa-106-m2-techo-mediterraneo-basico","status":"publish","type":"product","link":"https:\/\/www.panelsur.cl\/w\/producto\/kit-casa-106-m2-techo-mediterraneo-basico\/","title":{"rendered":"Kit Casa 106 m2 Techo Mediterr\u00e1neo B\u00e1sico"},"content":{"rendered":"<h5><strong>El proyecto considera solo la Obra Gruesa de la vivienda.<\/strong><\/h5>\n<p><strong>Incluye:\u00a0<\/strong><\/p>\n<ul>\n<li>Muros exteriores e interiores en Panel Sip de 94mm (OSB(9.5mm) +EPS (75mm)+OSB(9.5mm)) para madera de 2\u00d73 en bruto<\/li>\n<li>Estructura de cielo en Panel Sip de 169mm (OSB(9.5mm) +EPS (125mm) +OSB(9.5mm)) para madera de 2\u00d76 en bruto.<\/li>\n<li>Estructura de Front\u00f3n en Panel Sip de 69mm (OSB(9.5mm) +EPS (50mm) +OSB(9.5mm)) para madera de 2\u00d72 en bruto.<\/li>\n<li>Todos los paneles se entregan Cortados, Marcados por Eje, Rebajados Puertas y Ventanas.<\/li>\n<li>Se entrega toda la madera necesaria para la instalaci\u00f3n de los paneles en Pino Bruto Blanco de acuerdo al espesor.<\/li>\n<li>Se entrega todos los tornillos necesaria para la instalaci\u00f3n de los paneles. (NO incluye pernos de anclajes).<\/li>\n<li>Se entrega Plano de Montajes.<\/li>\n<\/ul>\n<p><strong>No incluye:<\/strong><\/p>\n<ul>\n<li>Estructura de piso.<\/li>\n<li>Suministros de Cerchas, Costaneras, Revestimientos de techos.<\/li>\n<li>Ning\u00fan tipo de Revestimiento.<\/li>\n<li>Suministros de Puertas Ventanas, marcos, sobre marcos.<\/li>\n<li>Instalaciones el\u00e9ctricas y de agua.<\/li>\n<\/ul>\n<ul>\n<li style=\"list-style-type: none;\"><\/li>\n<\/ul>\n<p><strong>Formas de pago<\/strong><\/p>\n<p>Con Transferencia\u00a050% al firmar contrato\u00a0 50% a la entrega esta forma de pago<\/p>\n<div class=\"caldera-grid\" id=\"caldera_form_1\" data-cf-ver=\"1.9.4\" data-cf-form-id=\"CF62be6504d9a8f\"><div id=\"caldera_notices_1\" data-spinner=\"https:\/\/www.panelsur.cl\/w\/wp-admin\/images\/spinner.gif\"><\/div><form data-instance=\"1\" class=\"CF62be6504d9a8f caldera_forms_form cfajax-trigger\" method=\"POST\" enctype=\"multipart\/form-data\" id=\"CF62be6504d9a8f_1\" data-form-id=\"CF62be6504d9a8f\" aria-label=\"Casas1\" data-target=\"#caldera_notices_1\" data-template=\"#cfajax_CF62be6504d9a8f-tmpl\" data-cfajax=\"CF62be6504d9a8f\" data-load-element=\"_parent\" data-load-class=\"cf_processing\" data-post-disable=\"0\" data-action=\"cf_process_ajax_submit\" data-request=\"https:\/\/www.panelsur.cl\/w\/cf-api\/CF62be6504d9a8f\" data-hiderows=\"true\">\r\n<input type=\"hidden\" id=\"_cf_verify_CF62be6504d9a8f\" name=\"_cf_verify\" value=\"965a5f7a94\"  data-nonce-time=\"1775390376\" \/><input type=\"hidden\" name=\"_wp_http_referer\" value=\"\/w\/wp-json\/wp\/v2\/product\/587\" \/><div id=\"cf2-CF62be6504d9a8f_1\"><\/div><input type=\"hidden\" name=\"_cf_frm_id\" value=\"CF62be6504d9a8f\">\r\n<input type=\"hidden\" name=\"_cf_frm_ct\" value=\"1\">\r\n<input type=\"hidden\" name=\"cfajax\" value=\"CF62be6504d9a8f\">\r\n<input type=\"hidden\" name=\"_cf_cr_pst\" value=\"587\">\r\n<div class=\"hide\" style=\"display:none; overflow:hidden;height:0;width:0;\">\r\n<label>Company<\/label><input type=\"text\" name=\"company\" value=\"\" autocomplete=\"off\">\r\n<\/div><div id=\"CF62be6504d9a8f_1-row-1\"  class=\"row  first_row\"><div  class=\"col-sm-12  single\"><div class=\"\"><h4>Solicita Informaci\u00f3n Kit Casa 106 m2 Techo Mediterr\u00e1neo B\u00e1sico<\/h4>\n<p>Si Necesitas informaci\u00f3n de uno de nuestros modelos favor llenar formulario<\/p>\n<hr>\n<\/div><\/div><\/div><div id=\"CF62be6504d9a8f_1-row-2\"  class=\"row \"><div  class=\"col-sm-6  first_col\"><div data-field-wrapper=\"fld_8768091\" class=\"form-group\" id=\"fld_8768091_1-wrap\">\r\n\t<label id=\"fld_8768091Label\" for=\"fld_8768091_1\" class=\"control-label\">Nombre <span aria-hidden=\"true\" role=\"presentation\" class=\"field_required\" style=\"color:#ee0000;\">*<\/span><\/label>\r\n\t<div class=\"\">\r\n\t\t<input   required type=\"text\" data-field=\"fld_8768091\" class=\" form-control\" id=\"fld_8768091_1\" name=\"fld_8768091\" value=\"\" data-type=\"text\" aria-required=\"true\"   aria-labelledby=\"fld_8768091Label\" >\t\t\t<\/div>\r\n<\/div>\r\n<\/div><div  class=\"col-sm-6  last_col\"><div data-field-wrapper=\"fld_9970286\" class=\"form-group\" id=\"fld_9970286_1-wrap\">\r\n\t<label id=\"fld_9970286Label\" for=\"fld_9970286_1\" class=\"control-label\">Apellido <span aria-hidden=\"true\" role=\"presentation\" class=\"field_required\" style=\"color:#ee0000;\">*<\/span><\/label>\r\n\t<div class=\"\">\r\n\t\t<input   required type=\"text\" data-field=\"fld_9970286\" class=\" form-control\" id=\"fld_9970286_1\" name=\"fld_9970286\" value=\"\" data-type=\"text\" aria-required=\"true\"   aria-labelledby=\"fld_9970286Label\" >\t\t\t<\/div>\r\n<\/div>\r\n<\/div><\/div><div id=\"CF62be6504d9a8f_1-row-3\"  class=\"row \"><div  class=\"col-sm-6  first_col\"><div data-field-wrapper=\"fld_6009157\" class=\"form-group\" id=\"fld_6009157_1-wrap\">\r\n\t<label id=\"fld_6009157Label\" for=\"fld_6009157_1\" class=\"control-label\">Email <span aria-hidden=\"true\" role=\"presentation\" class=\"field_required\" style=\"color:#ee0000;\">*<\/span><\/label>\r\n\t<div class=\"\">\r\n\t\t<input   required type=\"email\" data-field=\"fld_6009157\" class=\" form-control\" id=\"fld_6009157_1\" name=\"fld_6009157\" value=\"\" data-type=\"email\" aria-required=\"true\"   aria-labelledby=\"fld_6009157Label\" >\t\t\t<\/div>\r\n<\/div>\r\n<\/div><div  class=\"col-sm-6  last_col\"><div data-field-wrapper=\"fld_3941332\" class=\"form-group\" id=\"fld_3941332_1-wrap\">\r\n\t<label id=\"fld_3941332Label\" for=\"fld_3941332_1\" class=\"control-label\">Telefono <span aria-hidden=\"true\" role=\"presentation\" class=\"field_required\" style=\"color:#ee0000;\">*<\/span><\/label>\r\n\t<div class=\"\">\r\n\t\t<input   required type=\"number\" data-field=\"fld_3941332\" class=\" form-control\" id=\"fld_3941332_1\" name=\"fld_3941332\" value=\"\" data-type=\"number\" data-parsley-type=\"number\" aria-required=\"true\"   aria-labelledby=\"fld_3941332Label\" >\t\t\t<\/div>\r\n<\/div>\r\n<\/div><\/div><div id=\"CF62be6504d9a8f_1-row-4\"  class=\"row \"><div  class=\"col-sm-6  first_col\"><div data-field-wrapper=\"fld_893802\" class=\"form-group\" id=\"fld_893802_1-wrap\">\r\n\t<label id=\"fld_893802Label\" for=\"fld_893802_1\" class=\"control-label\">Comuna <span aria-hidden=\"true\" role=\"presentation\" class=\"field_required\" style=\"color:#ee0000;\">*<\/span><\/label>\r\n\t<div class=\"\">\r\n\t\t<input   required type=\"text\" data-field=\"fld_893802\" class=\" form-control\" id=\"fld_893802_1\" name=\"fld_893802\" value=\"\" data-type=\"text\" aria-required=\"true\"   aria-labelledby=\"fld_893802Label\" >\t\t\t<\/div>\r\n<\/div>\r\n<\/div><div  class=\"col-sm-6  last_col\"><\/div><\/div><div id=\"CF62be6504d9a8f_1-row-5\"  class=\"row \"><div  class=\"col-sm-12  single\"><div data-field-wrapper=\"fld_7683514\" class=\"form-group\" id=\"fld_7683514_1-wrap\">\r\n\t<label id=\"fld_7683514Label\" for=\"fld_7683514_1\" class=\"control-label\">Comentarios<\/label>\r\n\t<div class=\"\">\r\n\t\t<textarea name=\"fld_7683514\" value=\"Hola me puede enviar informacion de este modelo \n{embed_post:post_title}\" data-field=\"fld_7683514\" class=\"form-control\" id=\"fld_7683514_1\" rows=\"7\" default=\"Hola me puede enviar informacion de este modelo \nKit Casa 106 m2 Techo Mediterr\u00e1neo B\u00e1sico\"    aria-labelledby=\"fld_7683514Label\" >Hola me puede enviar informacion de este modelo \nKit Casa 106 m2 Techo Mediterr\u00e1neo B\u00e1sico<\/textarea>\n\t\t\t<\/div>\r\n<\/div>\r\n<\/div><\/div><div id=\"CF62be6504d9a8f_1-row-6\"  class=\"row  last_row\"><div  class=\"col-sm-12  single\"><div data-field-wrapper=\"fld_7908577\" class=\"form-group\" id=\"fld_7908577_1-wrap\">\r\n<div class=\"\">\r\n\t<input  class=\"btn btn-default\" type=\"submit\" name=\"fld_7908577\" id=\"fld_7908577_1\" value=\"Enviar Mensaje\" data-field=\"fld_7908577\"  >\n<\/div>\r\n<\/div>\r\n\t<input class=\"button_trigger_1\" type=\"hidden\" name=\"fld_7908577\" id=\"fld_7908577_1_btn\" value=\"\" data-field=\"fld_7908577\"  \/>\n<\/div><\/div><\/form>\r\n<\/div>\r\n\n<div id=\"malwarebytes-root\"><\/div>\n","protected":false},"excerpt":{"rendered":"<p>Casa en Paneles Sip<\/p>\n<ul>\n<li>04 Habitaciones<\/li>\n<li>02 Ba\u00f1o<\/li>\n<li>Living<\/li>\n<li>Comedor<\/li>\n<li>Cocina<\/li>\n<\/ul>\n<p><strong>Formas de pago<\/strong><\/p>\n<p>Con Transferencia\u00a050% al firmar contrato\u00a0 50% a la entrega esta forma de pago<\/p>\n<h6><a href=\"https:\/\/www.panelsur.cl\/w\/formas-de-pago\/\"><strong>MAS INFORMACION AQUI\u00a0<\/strong><\/a><\/h6>\n","protected":false},"featured_media":588,"template":"","meta":{"inline_featured_image":false},"product_cat":[30],"product_tag":[],"class_list":{"0":"post-587","1":"product","2":"type-product","3":"status-publish","4":"has-post-thumbnail","6":"product_cat-casas-mediterraneas","8":"first","9":"instock","10":"taxable","11":"shipping-taxable","12":"purchasable","13":"product-type-simple"},"yoast_head":"<!-- This site is optimized with the Yoast SEO plugin v26.1.1 - https:\/\/yoast.com\/wordpress\/plugins\/seo\/ -->\n<title>Kit Casa 106 m2 Techo Mediterr\u00e1neo B\u00e1sico - Panel Sur<\/title>\n<meta name=\"robots\" content=\"index, follow, max-snippet:-1, max-image-preview:large, max-video-preview:-1\" \/>\n<link rel=\"canonical\" href=\"https:\/\/www.panelsur.cl\/w\/producto\/kit-casa-106-m2-techo-mediterraneo-basico\/\" \/>\n<meta property=\"og:locale\" content=\"es_ES\" \/>\n<meta property=\"og:type\" content=\"article\" \/>\n<meta property=\"og:title\" content=\"Kit Casa 106 m2 Techo Mediterr\u00e1neo B\u00e1sico - Panel Sur\" \/>\n<meta property=\"og:description\" content=\"Casa en Paneles Sip   04 Habitaciones  02 Ba\u00f1o  Living  Comedor  Cocina  Formas de pago  Con Transferencia\u00a050% al firmar contrato\u00a0 50% a la entrega esta forma de pago MAS INFORMACION AQUI\u00a0\" \/>\n<meta property=\"og:url\" content=\"https:\/\/www.panelsur.cl\/w\/producto\/kit-casa-106-m2-techo-mediterraneo-basico\/\" \/>\n<meta property=\"og:site_name\" content=\"Panel Sur\" \/>\n<meta property=\"article:publisher\" content=\"https:\/\/www.facebook.com\/panelsurcl\" \/>\n<meta property=\"article:modified_time\" content=\"2023-12-27T19:37:50+00:00\" \/>\n<meta property=\"og:image\" content=\"https:\/\/www.panelsur.cl\/w\/wp-content\/uploads\/2022\/06\/casa-106-osb-w1.fw_.png\" \/>\n\t<meta property=\"og:image:width\" content=\"800\" \/>\n\t<meta property=\"og:image:height\" content=\"800\" \/>\n\t<meta property=\"og:image:type\" content=\"image\/png\" \/>\n<meta name=\"twitter:card\" content=\"summary_large_image\" \/>\n<meta name=\"twitter:label1\" content=\"Tiempo estimado de lectura\" \/>\n\t<meta name=\"twitter:data1\" content=\"1 minuto\" \/>\n<script type=\"application\/ld+json\" class=\"yoast-schema-graph\">{\"@context\":\"https:\/\/schema.org\",\"@graph\":[{\"@type\":\"WebPage\",\"@id\":\"https:\/\/www.panelsur.cl\/w\/producto\/kit-casa-106-m2-techo-mediterraneo-basico\/\",\"url\":\"https:\/\/www.panelsur.cl\/w\/producto\/kit-casa-106-m2-techo-mediterraneo-basico\/\",\"name\":\"Kit Casa 106 m2 Techo Mediterr\u00e1neo B\u00e1sico - Panel Sur\",\"isPartOf\":{\"@id\":\"https:\/\/www.panelsur.cl\/w\/#website\"},\"primaryImageOfPage\":{\"@id\":\"https:\/\/www.panelsur.cl\/w\/producto\/kit-casa-106-m2-techo-mediterraneo-basico\/#primaryimage\"},\"image\":{\"@id\":\"https:\/\/www.panelsur.cl\/w\/producto\/kit-casa-106-m2-techo-mediterraneo-basico\/#primaryimage\"},\"thumbnailUrl\":\"https:\/\/www.panelsur.cl\/w\/wp-content\/uploads\/2022\/06\/casa-106-osb-w1.fw_.png\",\"datePublished\":\"2022-06-08T02:37:13+00:00\",\"dateModified\":\"2023-12-27T19:37:50+00:00\",\"breadcrumb\":{\"@id\":\"https:\/\/www.panelsur.cl\/w\/producto\/kit-casa-106-m2-techo-mediterraneo-basico\/#breadcrumb\"},\"inLanguage\":\"es-CL\",\"potentialAction\":[{\"@type\":\"ReadAction\",\"target\":[\"https:\/\/www.panelsur.cl\/w\/producto\/kit-casa-106-m2-techo-mediterraneo-basico\/\"]}]},{\"@type\":\"ImageObject\",\"inLanguage\":\"es-CL\",\"@id\":\"https:\/\/www.panelsur.cl\/w\/producto\/kit-casa-106-m2-techo-mediterraneo-basico\/#primaryimage\",\"url\":\"https:\/\/www.panelsur.cl\/w\/wp-content\/uploads\/2022\/06\/casa-106-osb-w1.fw_.png\",\"contentUrl\":\"https:\/\/www.panelsur.cl\/w\/wp-content\/uploads\/2022\/06\/casa-106-osb-w1.fw_.png\",\"width\":800,\"height\":800},{\"@type\":\"BreadcrumbList\",\"@id\":\"https:\/\/www.panelsur.cl\/w\/producto\/kit-casa-106-m2-techo-mediterraneo-basico\/#breadcrumb\",\"itemListElement\":[{\"@type\":\"ListItem\",\"position\":1,\"name\":\"Portada\",\"item\":\"https:\/\/www.panelsur.cl\/w\/\"},{\"@type\":\"ListItem\",\"position\":2,\"name\":\"Tienda\",\"item\":\"https:\/\/www.panelsur.cl\/w\/tienda\/\"},{\"@type\":\"ListItem\",\"position\":3,\"name\":\"Kit Casa 106 m2 Techo Mediterr\u00e1neo B\u00e1sico\"}]},{\"@type\":\"WebSite\",\"@id\":\"https:\/\/www.panelsur.cl\/w\/#website\",\"url\":\"https:\/\/www.panelsur.cl\/w\/\",\"name\":\"Panel Sur\",\"description\":\"Fabrica de Paneles Sip y fabrica de Kit prefabricado autoconstruccion\",\"publisher\":{\"@id\":\"https:\/\/www.panelsur.cl\/w\/#organization\"},\"alternateName\":\"panelsur.cl\",\"potentialAction\":[{\"@type\":\"SearchAction\",\"target\":{\"@type\":\"EntryPoint\",\"urlTemplate\":\"https:\/\/www.panelsur.cl\/w\/?s={search_term_string}\"},\"query-input\":{\"@type\":\"PropertyValueSpecification\",\"valueRequired\":true,\"valueName\":\"search_term_string\"}}],\"inLanguage\":\"es-CL\"},{\"@type\":\"Organization\",\"@id\":\"https:\/\/www.panelsur.cl\/w\/#organization\",\"name\":\"panelsur\",\"alternateName\":\"Panelsur.cl\",\"url\":\"https:\/\/www.panelsur.cl\/w\/\",\"logo\":{\"@type\":\"ImageObject\",\"inLanguage\":\"es-CL\",\"@id\":\"https:\/\/www.panelsur.cl\/w\/#\/schema\/logo\/image\/\",\"url\":\"https:\/\/www.panelsur.cl\/w\/wp-content\/uploads\/2024\/10\/panel-sur-cuadrado-r.png\",\"contentUrl\":\"https:\/\/www.panelsur.cl\/w\/wp-content\/uploads\/2024\/10\/panel-sur-cuadrado-r.png\",\"width\":261,\"height\":261,\"caption\":\"panelsur\"},\"image\":{\"@id\":\"https:\/\/www.panelsur.cl\/w\/#\/schema\/logo\/image\/\"},\"sameAs\":[\"https:\/\/www.facebook.com\/panelsurcl\",\"https:\/\/www.instagram.com\/panelsur\"]}]}<\/script>\n<!-- \/ Yoast SEO plugin. -->","yoast_head_json":{"title":"Kit Casa 106 m2 Techo Mediterr\u00e1neo B\u00e1sico - Panel Sur","robots":{"index":"index","follow":"follow","max-snippet":"max-snippet:-1","max-image-preview":"max-image-preview:large","max-video-preview":"max-video-preview:-1"},"canonical":"https:\/\/www.panelsur.cl\/w\/producto\/kit-casa-106-m2-techo-mediterraneo-basico\/","og_locale":"es_ES","og_type":"article","og_title":"Kit Casa 106 m2 Techo Mediterr\u00e1neo B\u00e1sico - Panel Sur","og_description":"Casa en Paneles Sip   04 Habitaciones  02 Ba\u00f1o  Living  Comedor  Cocina  Formas de pago  Con Transferencia\u00a050% al firmar contrato\u00a0 50% a la entrega esta forma de pago MAS INFORMACION AQUI\u00a0","og_url":"https:\/\/www.panelsur.cl\/w\/producto\/kit-casa-106-m2-techo-mediterraneo-basico\/","og_site_name":"Panel Sur","article_publisher":"https:\/\/www.facebook.com\/panelsurcl","article_modified_time":"2023-12-27T19:37:50+00:00","og_image":[{"width":800,"height":800,"url":"https:\/\/www.panelsur.cl\/w\/wp-content\/uploads\/2022\/06\/casa-106-osb-w1.fw_.png","type":"image\/png"}],"twitter_card":"summary_large_image","twitter_misc":{"Tiempo estimado de lectura":"1 minuto"},"schema":{"@context":"https:\/\/schema.org","@graph":[{"@type":"WebPage","@id":"https:\/\/www.panelsur.cl\/w\/producto\/kit-casa-106-m2-techo-mediterraneo-basico\/","url":"https:\/\/www.panelsur.cl\/w\/producto\/kit-casa-106-m2-techo-mediterraneo-basico\/","name":"Kit Casa 106 m2 Techo Mediterr\u00e1neo B\u00e1sico - Panel Sur","isPartOf":{"@id":"https:\/\/www.panelsur.cl\/w\/#website"},"primaryImageOfPage":{"@id":"https:\/\/www.panelsur.cl\/w\/producto\/kit-casa-106-m2-techo-mediterraneo-basico\/#primaryimage"},"image":{"@id":"https:\/\/www.panelsur.cl\/w\/producto\/kit-casa-106-m2-techo-mediterraneo-basico\/#primaryimage"},"thumbnailUrl":"https:\/\/www.panelsur.cl\/w\/wp-content\/uploads\/2022\/06\/casa-106-osb-w1.fw_.png","datePublished":"2022-06-08T02:37:13+00:00","dateModified":"2023-12-27T19:37:50+00:00","breadcrumb":{"@id":"https:\/\/www.panelsur.cl\/w\/producto\/kit-casa-106-m2-techo-mediterraneo-basico\/#breadcrumb"},"inLanguage":"es-CL","potentialAction":[{"@type":"ReadAction","target":["https:\/\/www.panelsur.cl\/w\/producto\/kit-casa-106-m2-techo-mediterraneo-basico\/"]}]},{"@type":"ImageObject","inLanguage":"es-CL","@id":"https:\/\/www.panelsur.cl\/w\/producto\/kit-casa-106-m2-techo-mediterraneo-basico\/#primaryimage","url":"https:\/\/www.panelsur.cl\/w\/wp-content\/uploads\/2022\/06\/casa-106-osb-w1.fw_.png","contentUrl":"https:\/\/www.panelsur.cl\/w\/wp-content\/uploads\/2022\/06\/casa-106-osb-w1.fw_.png","width":800,"height":800},{"@type":"BreadcrumbList","@id":"https:\/\/www.panelsur.cl\/w\/producto\/kit-casa-106-m2-techo-mediterraneo-basico\/#breadcrumb","itemListElement":[{"@type":"ListItem","position":1,"name":"Portada","item":"https:\/\/www.panelsur.cl\/w\/"},{"@type":"ListItem","position":2,"name":"Tienda","item":"https:\/\/www.panelsur.cl\/w\/tienda\/"},{"@type":"ListItem","position":3,"name":"Kit Casa 106 m2 Techo Mediterr\u00e1neo B\u00e1sico"}]},{"@type":"WebSite","@id":"https:\/\/www.panelsur.cl\/w\/#website","url":"https:\/\/www.panelsur.cl\/w\/","name":"Panel Sur","description":"Fabrica de Paneles Sip y fabrica de Kit prefabricado autoconstruccion","publisher":{"@id":"https:\/\/www.panelsur.cl\/w\/#organization"},"alternateName":"panelsur.cl","potentialAction":[{"@type":"SearchAction","target":{"@type":"EntryPoint","urlTemplate":"https:\/\/www.panelsur.cl\/w\/?s={search_term_string}"},"query-input":{"@type":"PropertyValueSpecification","valueRequired":true,"valueName":"search_term_string"}}],"inLanguage":"es-CL"},{"@type":"Organization","@id":"https:\/\/www.panelsur.cl\/w\/#organization","name":"panelsur","alternateName":"Panelsur.cl","url":"https:\/\/www.panelsur.cl\/w\/","logo":{"@type":"ImageObject","inLanguage":"es-CL","@id":"https:\/\/www.panelsur.cl\/w\/#\/schema\/logo\/image\/","url":"https:\/\/www.panelsur.cl\/w\/wp-content\/uploads\/2024\/10\/panel-sur-cuadrado-r.png","contentUrl":"https:\/\/www.panelsur.cl\/w\/wp-content\/uploads\/2024\/10\/panel-sur-cuadrado-r.png","width":261,"height":261,"caption":"panelsur"},"image":{"@id":"https:\/\/www.panelsur.cl\/w\/#\/schema\/logo\/image\/"},"sameAs":["https:\/\/www.facebook.com\/panelsurcl","https:\/\/www.instagram.com\/panelsur"]}]}},"_links":{"self":[{"href":"https:\/\/www.panelsur.cl\/w\/wp-json\/wp\/v2\/product\/587","targetHints":{"allow":["GET"]}}],"collection":[{"href":"https:\/\/www.panelsur.cl\/w\/wp-json\/wp\/v2\/product"}],"about":[{"href":"https:\/\/www.panelsur.cl\/w\/wp-json\/wp\/v2\/types\/product"}],"wp:featuredmedia":[{"embeddable":true,"href":"https:\/\/www.panelsur.cl\/w\/wp-json\/wp\/v2\/media\/588"}],"wp:attachment":[{"href":"https:\/\/www.panelsur.cl\/w\/wp-json\/wp\/v2\/media?parent=587"}],"wp:term":[{"taxonomy":"product_cat","embeddable":true,"href":"https:\/\/www.panelsur.cl\/w\/wp-json\/wp\/v2\/product_cat?post=587"},{"taxonomy":"product_tag","embeddable":true,"href":"https:\/\/www.panelsur.cl\/w\/wp-json\/wp\/v2\/product_tag?post=587"}],"curies":[{"name":"wp","href":"https:\/\/api.w.org\/{rel}","templated":true}]}}